Calculate the greatest common divisor of i and 124.
31
Let b be (-2)/11 + (-6)/(-33). Suppose -43*a + 50*a - 7245 = b. Calculate the greatest common divisor of 45 and a.
45
Let s be 90/4*(75 + -71). What is the greatest common factor of 435 and s?
15
Suppose 0 = -5*f + 175 + 935. Suppose 14*b = -f + 992. Suppose 0 = 3*y - 57 + 24. Calculate the highest common divisor of y and b.
11
Suppose -4*s - b + 63 = 0, 5*s = -b + 22 + 56. Suppose -d + 6*d - 123 = -2*a, 5*a + 3 = -d. What is the greatest common factor of s and d?
3
Suppose -2*p + 4*p = 240. Let f = 128 + -71. Let b be 16/6*f/19. Calculate the greatest common factor of p and b.
8
Let y(u) = 11*u - 20. Let d be y(9). Let r = -79 + d. Suppose -2*h + 59 + 37 = r. Calculate the greatest common factor of h and 12.
12
Let l(i) = -2*i**2 + 4*i - 7. Let u be l(9). Let o = -126 - u. Calculate the highest common factor of 77 and o.
7
Let v be (-204)/(-10) - (-15)/(225/(-6)). Let a = v + 0. Calculate the greatest common factor of a and 30.
10
Let h(o) = -2*o**3 - 40*o**2 - 3*o + 18. Let b be h(-20). Calculate the greatest common divisor of 1066 and b.
26
Let o = 10090 + -10053. What is the greatest common factor of 7067 and o?
37
Let v be (1*2)/(-5 - 270/(-50)). Suppose b = v, -4*b - b + 123 = k. Calculate the greatest common factor of k and 1862.
98
Let h(o) = o**2 - 10*o - 9. Let q be h(11). Suppose 4*l - q*p + 359 = -p, -4*l - 2*p = 350. Let v = l + 104. What is the greatest common divisor of 60 and v?
15
Let q(y) = 80*y - 1036. Let l be q(15). What is the highest common divisor of l and 369?
41
Let u be (-1 + 4 - -8) + (1151 - 10). Calculate the highest common factor of 360 and u.
72
Let g be -26 + 29 - -3*11. What is the greatest common factor of 45 and g?
9
Let g(a) = -48*a - 1072. Let d be g(-28). Calculate the highest common divisor of d and 144.
16
Suppose -54*x + 1534869 = -849771. What is the highest common factor of 192 and x?
192
Let t = -1587 + 4087. Calculate the greatest common factor of t and 80.
20
Let x(o) = -3*o**3 - 47*o**2 - 36*o - 30. Suppose -80 = 6*z + 10. Let s be x(z). What is the highest common divisor of 48 and s?
12
Let t(o) = 14*o**2 - 14*o + 11. Let r be t(1). What is the greatest common divisor of 11 and r?
11
Let m = -27 - -41. Suppose -8*z + 90 = -m. Suppose 194 = z*g - 248. Calculate the greatest common factor of g and 34.
34
Suppose -3*y = -6*y + 6. Suppose -y*n + 7150 = 3*n. Suppose 0 = 5*r - 0*r - n. What is the highest common factor of 26 and r?
26
Let p be 5*2/(-35) - (-10)/35. Suppose p = 35*h - 50*h + 15600. Calculate the greatest common factor of h and 65.
65
Let z = -12 + 26. Let t be 48/z + (-18)/42. Calculate the highest common divisor of 4 and t.
1
Suppose -d = -5*d + 64. Let c be 0*(1/(-3))/1. Suppose 0*x - 4*x - 8 = -u, c = 3*u - 4*x - 16. What is the greatest common factor of u and d?
4
Let q(y) = -y**2 + 19*y - 7. Let o be q(12). Suppose -167*w + 80*w = -20097. Calculate the greatest common factor of w and o.
77
Let j = -135 - -222. Suppose 5*b - 113 - j = -5*q, 3*q = -b + 126. What is the greatest common divisor of 86 and q?
43
Let h(y) = 5*y - 30. Let i be h(5). Let p(o) = -o**2 - 4*o + 8. Let w be p(i). Suppose -w*n + 42 = 4*n. What is the highest common factor of n and 9?
3
Let k be (39/3 - 5)/(3 + -2). Let v be 8 - 689*k/(-8). Calculate the highest common divisor of v and 41.
41
Let d(m) = 88 - 28 - 29 + 12*m - 32 - m**3 - 4*m**2. Let p be d(-7). Calculate the highest common factor of p and 93.
31
Let s(m) = -30*m + 10*m + 14*m - 1 + 7*m. Let y(q) = -6*q - 3. Let p(v) = -6*s(v) - 2*y(v). Let i be p(14). Calculate the greatest common divisor of 12 and i.
12
Let z = 1124 + 94. What is the greatest common factor of z and 63?
21
Suppose -162*z + 158*z + 56 = 5*c, 2*z + 3*c - 28 = 0. What is the highest common divisor of z and 371?
7
Suppose 10 = 2*q + 8*u - 4*u, -2*u + 6 = 0. Let m be 84/(-8 - q)*-6. Calculate the highest common factor of m and 360.
72
Let f be (-4)/10 - 54/(-10). Suppose -f*x - 5*v + 240 = -0*v, -4*x = 3*v - 192. Let y = x - 30. What is the greatest common factor of 45 and y?
9
Suppose 28*q - 26*q + 5*r - 100 = 0, q - 2*r = 77. Let i be (-5)/(15/(-6)) + 11. What is the highest common factor of q and i?
13
Let n be (-37073)/(-524) + 13/4. Let z = 38 - 108. Let h = z + n. Calculate the highest common divisor of 22 and h.
2
Let j = 6 + -4. Suppose 0 = j*w - 6*w + 84. Suppose -26*h - 566 = 195*h - 2113. What is the highest common divisor of w and h?
7
Let w be (-138)/(-299) - 33/(-13). Let c(s) = -s**3 + 5*s**2 + 3*s - 7. Let y be c(4). Calculate the highest common divisor of y and w.
3
Suppose 12 = 2*w + 4*x, 3*w - 28 = 2106*x - 2110*x. Calculate the greatest common divisor of 97808 and w.
16
Let j be 6/(6/(-18) + 440/1338). Let k be (-1)/(-2 - j/672). Let l = 44 - 16. What is the greatest common factor of k and l?
28
Let l be (-36600)/(-250) - (-1 - 48/(-20)). What is the highest common factor of 10 and l?
5
Suppose -2*i - 4*b = 42, -i - i - 35 = -3*b. Let o be ((-261)/2)/(4 - i/(-4)). Calculate the highest common divisor of o and 6.
6
Let b(d) = 19*d**3 - 1. Let z be b(1). Let h(v) = -v - 91. Let w be h(0). Let r = w - -103. What is the greatest common divisor of r and z?
6
Let h(v) = -2*v - 6. Let i be h(-4). Suppose 19 = i*g - 17. Suppose 0*y = 5*y + 2*a - 718, 3*y - 427 = -5*a. What is the highest common factor of g and y?
18
Let l(g) be the second derivative of -g**4/12 + 17*g**3/6 - 27*g**2/2 - 43*g + 1. Let f be l(15). What is the greatest common factor of 15 and f?
3
Suppose 0 = -7*n + 4*n + 9. Let v be (4/n + -2)/((-2)/57). Suppose 5*u - 60 = 35. Calculate the greatest common divisor of v and u.
19
Let s(i) = 466*i + 255. Let r be s(3). Calculate the highest common factor of 58 and r.
29
Suppose -12*w + 2331 = -177. Let t = 256 - w. Calculate the greatest common divisor of t and 188.
47
Suppose 2*a - a = -4*v + 1216, 0 = -3*v + 3*a + 912. Calculate the highest common divisor of 437 and v.
19
Suppose 0 = 3*l + q - 438, 3*l = 2*l - 2*q + 151. Suppose 1 = 5*s - z - 222, 3*s + 5*z - l = 0. Calculate the greatest common factor of s and 315.
45
Let z = 313 - 188. Suppose d - 5*f = 73, -2*d = -0*d - 3*f - z. Calculate the greatest common factor of 58 and d.
58
Let z be 0/(1 - (3/3 + -1)). Suppose 0 = -k - k - z*k. Let r be (k - -194) + (23 - 19). Calculate the greatest common divisor of 18 and r.
18
Suppose -120 = -2*f + 6*f. Let l = f + 33. Suppose -2*p - 579 = -5*t, -2*p - 453 = -4*t + l*p. What is the highest common divisor of t and 13?
13
Let c be (6 + -378)*801/(-36). What is the highest common factor of c and 279?
93
Suppose 0 = -2*a - 5*m + 9, 5*m + 3 + 2 = 5*a. What is the greatest common factor of a and 98?
2
Let w be ((-6032)/(-260) - 16)/((-26)/(-20) + -1). Let p be 1376/6*(-18)/(-4). Calculate the greatest common factor of w and p.
24
Let v(u) = 120*u**2 - 28*u - 147. Let r be v(-14). Calculate the greatest common factor of r and 35.
35
Suppose 0 = -11*c + 4923 + 4515. Calculate the greatest common factor of c and 156.
78
Let g = 15 + 18. Suppose 180 = n - 3*v, 5*v - 815 = -5*n + 3*v. Calculate the greatest common factor of g and n.
33
Let d = -30 + 50. Let h(a) = 33*a - 1595. Let c be h(55). Calculate the greatest common divisor of d and c.
20
Let i(b) = 25*b**2 - 871*b + 312. Let c be i(35). Calculate the highest common factor of c and 284.
4
Let z be 0 + 0 + 2 + 115. Let n = -7 + 16. What is the highest common factor of n and z?
9
Suppose 4*r + 20*o - 22*o = 102, 4*o + 54 = 2*r. What is the greatest common factor of 11 and r?
1
Suppose t = -t + 60. Suppose -15 = -744*r + 743*r. Calculate the highest common factor of r and t.
15
Let h = 2755 - 2733. Calculate the greatest common divisor of h and 7183.
11
Let n(o) = 4*o**3 - 7*o**2 + 2*o + 3. Let k be n(3). Calculate the highest common divisor of 3483 and k.
27
Suppose -37*m + 43*m - 2190 = 0. Let h be m + -2 + 7 + -10. Let f(v) = 39*v**2 + v. Let x be f(1). What is the greatest common factor of x and h?
40
Let b = 58 - 42. Let l = b + -16. Suppose 3*g = 3, l = -3*q + q + g + 23. What is the highest common divisor of q and 18?
6
Suppose -3*k + 7*k - 940 = 0. Suppose -t = 4*t - k. Calculate the greatest common divisor of t and 329.
47
Suppose 446*s - 213*s = 201*s